 6*f - 78, 0 = -w + f + 37. List the prime factors of w.
41
Let q = 3 + -13. Let b(i) = i**3 + 11*i**2 + 9*i + 1. What are the prime factors of b(q)?
11
Suppose -121*s + 127*s - 2052 = 0. What are the prime factors of s?
2, 3, 19
Suppose 3*o = -2*o - 215. Let u = -28 - o. What are the prime factors of u?
3, 5
Let t = 142 - 71. What are the prime factors of t?
71
Let v = -3 - -3. Suppose -5*p - y + 160 = v, 5*y - 2*y = 3*p - 78. List the prime factors of p.
31
Let d be 3 + (12*-1)/(-3). Suppose -4*x = -d + 39. Let m = 14 + x. List the prime factors of m.
2, 3
Let c(z) = -z**2 + 6*z - 1. Suppose -1 = -3*g + 8. What are the prime factors of c(g)?
2
Let h be 22/4 - (-1)/(-2). Suppose -7 + 27 = h*m. List the prime factors of m.
2
List the prime factors of 39 - ((-4)/4 + 0).
2, 5
Suppose -13*g + 300 = -8*g. What are the prime factors of g?
2, 3, 5
Suppose -f - 5*b + 7 = -2*b, 0 = 3*f + b - 5. Let t = -1 + f. What are the prime factors of t/4 + 2 + 0?
2
Suppose -4*d + 119 = 3*p, 4*p - 144 = -3*d + 5*d. List the prime factors of p.
37
Suppose -k - 4 - 1 = 3*n, 5*n + 10 = -2*k. Let i be 5/(-10)*(n - -4). What are the prime factors of 30/12 - i/4?
3
Let n(l) = l**2 - 2*l. Suppose 4*p - 4*f - 48 = 0, 2*p + 2*f = f + 33. Let d be ((-18)/p)/(9/30). What are the prime factors of n(d)?
2, 3
Let b(a) = 4*a**3 - a**2 - 6*a - 6. Let q(r) = -9*r**3 + 2*r**2 + 13*r + 13. Let f(o) = 7*b(o) + 3*q(o). Let z = 0 + 3. List the prime factors of f(z).
2, 3
What are the prime factors of (12 - 9) + 16/2?
11
Let m(n) = n**2 - 3. Let f be m(0). List the prime factors of f + (-32 - 0)/(-2).
13
Let q be (-2)/(-3) + (-2)/3. Let f(y) = -2 - y**2 + q*y**2 + 6 + 7*y. List the prime factors of f(7).
2
Suppose 0 = -2*t - 2*t + 12. Suppose -w = -5*a + 146, -t*a + a = -5*w - 63. What are the prime factors of (-2)/(-10) - a/(-5)?
2, 3
Let s(b) = b**3 - b**2 + 2*b + 2. Let j be s(-3). Let u = 59 - j. Suppose 0 = -4*y + u - 39. What are the prime factors of y?
3, 5
List the prime factors of 26 + (-2*3)/(-3).
2, 7
Let v = -1 - -17. Suppose -2*n + v + 0 = w, -2*w = 5*n - 40. What are the prime factors of n?
2
Suppose 0 = 3*p + 2*n + 6, 1 = 5*p + n + 11. List the prime factors of (-22)/(-4) + (-1)/p.
2, 3
Suppose 0 = -4*t - s + 224 - 37, 4*t - s - 181 = 0. Suppose -5*z = -t - 14. What are the prime factors of z?
2, 3
Suppose -6*g = -3*g - n - 1, -g - 2*n + 12 = 0. List the prime factors of ((-104)/(-12))/(g/3).
13
Suppose 0 = -i - 3, -6*p = -2*p - 4*i - 56. Let k be -8*2/6*3. Let y = k + p. List the prime factors of y.
3
Let j(o) be the first derivative of -o**6/360 + o**5/15 + o**4/4 - 2*o**3/3 + 1. Let n(f) be the third derivative of j(f). List the prime factors of n(8).
2, 3
Suppose 3*q + 2 + 1 = 0. Let p(a) = -8*a**3 - a**2. Let h be p(q). List the prime factors of (h + 0 + -1)*1.
2, 3
Let p = 85 - 39. List the prime factors of p.
2, 23
Let a be (-6)/(-7)*(1 - 15). Suppose -15 - 6 = 3*x. Let d = x - a. List the prime factors of d.
5
Let l(s) be the second derivative of s**5/120 + s**4/4 - s**3/6 + 2*s. Let y(m) be the second derivative of l(m). List the prime factors of y(5).
11
Let s be (-2 - 2/(-2))/1. Let c = s - -5. Suppose -c*v = -v - 27. What are the prime factors of v?
3
Let s = -5 + 0. Suppose -3*m + 45 = -2*j, -m + 51 = 2*m - 4*j. Let n = m + s. List the prime factors of n.
2
Suppose -2*j - 18 = 2*d, 2*d = d + j - 5. Let r(i) be the second derivative of -i**3/3 - 3*i**2 - i. What are the prime factors of r(d)?
2
Let h(p) = -p + 146. List the prime factors of h(0).
2, 73
Suppose -74 = -b - 5*s + 2*s, -3*b - 5*s = -214. List the prime factors of b.
2, 17
Let y = -3 - -3. Suppose -2*m + 4 + 8 = y. Suppose 0 = v - m*v + 45. What are the prime factors of v?
3
Let h be 749/49 + 4/(-14). List the prime factors of 1/4 + h/4.
2
Let c(y) = y**2 - 3*y. Let z be c(3). Suppose -4*t + 0*t + 124 = z. List the prime factors of t.
31
Let h be 14/1 - (3 - 1). Suppose 2*y + 4*w = 18, 0*w - 5*w = y - h. List the prime factors of y.
7
Let m(w) = -3*w**2 + 8*w - 2. Let u(q) = 2*q**2 - 5*q + 1. Let y(g) = -5*m(g) - 7*u(g). Let n be y(5). List the prime factors of n/12*-2*-26.
13
List the prime factors of -2*-3*(6 - -2).
2, 3
What are the prime factors of (2 + 252)/(-1 + 2)?
2, 127
Let g be ((-30)/4)/((-4)/16). Let n = -18 + g. List the prime factors of n.
2, 3
Let s(l) = -3*l - 6. Let i be s(-6). Let f be ((-38)/(-8))/((-3)/i). Let u = 29 + f. What are the prime factors of u?
2, 5
Suppose -z + 36 = 2*z. Let d = z + -18. What are the prime factors of (4/d)/(10/(-165))?
11
Suppose -j = -c - 4*c + 45, 17 = -c - 5*j. What are the prime factors of c?
2
Let f(t) = -t**3 + 7*t**2 - 4*t - 6. Let g be f(6). Suppose c = g*c - 20. List the prime factors of c.
2
Let p = -63 - -105. List the prime factors of p/10 + 4/5.
5
Suppose -63 = -g + 97. What are the prime factors of g?
2, 5
Suppose m - 3 = -6. Let y = 7 + m. Let c = y - -6. What are the prime factors of c?
2, 5
Let o be 2/((-11)/6 + 2). Let f be ((-2)/(-1))/(o/114). Let k = f + -8. List the prime factors of k.
11
Suppose -y = 2*u + 5 - 1, -y + 4*u = 4. Let v = 14 - y. What are the prime factors of v?
2, 3
Let f be -1*3/9*0. Let s be -4 - f/(-2 + 1). Let j(t) = -t**2 - 5*t + 4. List the prime factors of j(s).
2
Let g be 1455/10 - 1/2. Suppose 82 = 2*m - 4*l + 8, 2*l = 5*m - g. List the prime factors of m.
3
Suppose 37 = -2*f + 1. Suppose i = 3*h - 2*h + 30, -h - 3*i = 10. Let s = f - h. What are the prime factors of s?
7
Suppose -9 = -2*n + 1. Let b be 1 + (-3 - -1)*n. Let o = b + 22. What are the prime factors of o?
13
Suppose 74 = -b + 3*b. Let n = b - 19. What are the prime factors of n?
2, 3
What are the prime factors of 207 + 2/((-10)/(-15))?
2, 3, 5, 7
Let a(p) = 5*p + 6. Let b(y) = 6*y + 6. Let f(t) = 5*a(t) - 4*b(t). Let j be f(-8). Let o = 18 + j. What are the prime factors of o?
2
Suppose 6*b = 3*b - 3, 2*p = 4*b + 222. What are the prime factors of p?
109
Suppose 3*s = -2*s + 60. Suppose 3*v - 7 = -g + 5, 3*g - s = -3*v. What are the prime factors of (-2)/(-4) - (-18)/v?
5
Let n be 2/(-3)*(-15)/10. Suppose 4*w - 5*z - 21 = 0, -7*z = -3*w - 2*z + 22. What are the prime factors of (w + n - -3) + 4?
7
Let v = 0 - -11. Suppose 4*d = -5 - v. What are the prime factors of (-4 - -6)/(d/(-22))?
11
Suppose -4*g + 13 = 1. Let x be 21/g*(-12)/(-14). List the prime factors of 3/x - 3/(-2).
2
Suppose 2 + 14 = a. Suppose a = 3*m + m. What are the prime factors of (-138)/(-30) - m/(-10)?
5
Let x be ((-3)/(-2))/((-15)/(-20)). Suppose -x*f = -4*f. Suppose 4*g = 5*j - 10, -3*j + 5*g + f = 7. List the prime factors of j.
2, 3
Let l(d) = 41*d**3 + d**2 - 1. Let w be l(1). Suppose 0 = y + 5*u - 5 + 1, -u - w = -2*y. List the prime factors of y.
19
Let n(g) = 2*g + 11. Let p be n(-5). Let i be 1 + (1 + 0 - 1). What are the prime factors of 2 - (0 + (i - p))?
2
Let w = 156 - 89. What are the prime factors of w?
67
Let m = -45 + 79. What are the prime factors of m?
2, 17
Suppose -5*y + 126 - 1 = 5*v, y - 21 = v. List the prime factors of y.
23
Let s = -110 - -432. List the prime factors of s.
2, 7, 23
Suppose 2*w = -3*m - 0*w + 25, 0 = -m + 4*w + 27. Suppose 0 = -m*d + 7*d + 96. List the prime factors of d.
2, 3
Let o be (3/((-6)/(-8)))/2. Suppose -o*f + 6*f - 75 = g, 0 = -2*f - 2*g + 30. List the prime factors of f.
2, 3
Let j(i) be the second derivative of -i**4/12 + 4*i**3/3 + 7*i**2/2 - 3*i. Let w be j(5). Let h = w + -15. What are the prime factors of h?
7
Let n(k) be the third derivative of -k**6/120 - 11*k**5/60 - 11*k**4/24 - k**3/2 + 3*k**2. What are the prime factors of n(-10)?
7
Let x = 23 - 29. Let b(i) = 3*i**2 - 5 - 11*i - 3 - 4*i**2. What are the prime factors of b(x)?
2, 11
Let t(l) = 3*l**2 + 2*l**2 - 4*l**2. Let f(s) = s**3 - s**2 - s. Let z be f(2). List the prime factors of t(z).
2
Let l = -72 - -117. List the prime factors of l.
3, 5
Suppose -t - 333 = -3*o + o, -4*o - t + 681 = 0. List the prime factors of o.
13
Suppose -404 = 14*n - 1832. What are the prime factors of n?
2, 3, 17
Let z = -7 - -12. Suppose -41 + 11 = -5*p + 4*k, -z*p + k = -30. List the prime factors of (-34)/(-4) - 3/p.
2
Suppose 6 = b + b. Suppose -b*z = -2*o + 37, -2*o + 2*z + 42 = 4*z. What are the prime factors of o?
2, 5
Let m be (-16)/(-10)*(5 + -10). Suppose 2*i = 4*